{"id":136,"date":"2017-09-06T09:56:46","date_gmt":"2017-09-06T09:56:46","guid":{"rendered":"https:\/\/www.itpuntostore.it\/itstore\/?page_id=136"},"modified":"2017-10-06T15:03:27","modified_gmt":"2017-10-06T15:03:27","slug":"wi-fi-aruba-campeggi-hotel","status":"publish","type":"page","link":"https:\/\/www.itpuntostore.it\/itstore\/wi-fi-aruba-campeggi-hotel\/","title":{"rendered":"Wi-Fi per Campeggi e Hotel"},"content":{"rendered":"<div class=\"wpb-content-wrapper\"><p>[vc_row header_feature=&#8221;yes&#8221; margin_bottom=&#8221;0px&#8221; padding_top=&#8221;50px&#8221; padding_bottom=&#8221;50px&#8221;][vc_column]<h3 class=\"grve-element grve-align-center grve-title-line grve-h3\" style=\"\"><span>Installazione e manutenzione reti wireless per Campeggi e Hotel<\/span><\/h3>[\/vc_column][\/vc_row][vc_row margin_bottom=&#8221;50px&#8221; padding_bottom=&#8221;20px&#8221; padding_top=&#8221;50px&#8221;][vc_column width=&#8221;1\/2&#8243;]<div class=\"grve-element grve-image grve-animated-item grve-fadeInDown grve-align-left\" style=\"\" data-delay=\"200\"><img loading=\"lazy\" decoding=\"async\" width=\"600\" height=\"300\" src=\"https:\/\/www.itpuntostore.it\/itstore\/wp-content\/uploads\/2017\/09\/Aruba-WiFi.jpg\" class=\"attachment-full size-full\" alt=\"Aruba WiFi\" srcset=\"https:\/\/www.itpuntostore.it\/itstore\/wp-content\/uploads\/2017\/09\/Aruba-WiFi.jpg 600w, https:\/\/www.itpuntostore.it\/itstore\/wp-content\/uploads\/2017\/09\/Aruba-WiFi-300x150.jpg 300w\" sizes=\"auto, (max-width: 600px) 100vw, 600px\" \/><\/div><h4 class=\"grve-element grve-align-left grve-title-no-line grve-h4\" style=\"\"><span>Reti Wireless che non deluderanno<\/span><\/h4>[vc_column_text]L&#8217;esplosione dei dispositivi mobili ha trasformato il settore ospitalit\u00e0. I viaggiatori ora entrano negli alberghi con pi\u00f9 dispositivi e occorre fornire un&#8217;eccezionale esperienza Wi-Fi, nonch\u00e9 strumenti per il self service, che aiutino a rendere migliore il loro soggiorno.[\/vc_column_text][\/vc_column][vc_column width=&#8221;1\/2&#8243;]<div class=\"grve-element grve-image grve-animated-item grve-fadeInDown grve-align-left\" style=\"\" data-delay=\"200\"><img loading=\"lazy\" decoding=\"async\" width=\"600\" height=\"300\" src=\"https:\/\/www.itpuntostore.it\/itstore\/wp-content\/uploads\/2017\/09\/App-Campeggi.jpg\" class=\"attachment-full size-full\" alt=\"App per Campeggi\" srcset=\"https:\/\/www.itpuntostore.it\/itstore\/wp-content\/uploads\/2017\/09\/App-Campeggi.jpg 600w, https:\/\/www.itpuntostore.it\/itstore\/wp-content\/uploads\/2017\/09\/App-Campeggi-300x150.jpg 300w\" sizes=\"auto, (max-width: 600px) 100vw, 600px\" \/><\/div><h4 class=\"grve-element grve-align-left grve-title-no-line grve-h4\" style=\"\"><span>Coinvolgi gli ospiti durante il soggiorno<\/span><\/h4>[vc_column_text]La tua struttura prende vita se gli ospiti usano un&#8217;app mobile personalizzata. Dalla comodit\u00e0 dei loro smartphone possono ottenere indicazioni precise per le varie attrazioni e notifiche push con offerte rilevanti in base alle loro preferenze e alla posizione in tempo reale.[\/vc_column_text][\/vc_column][\/vc_row][vc_row flex_height=&#8221;yes&#8221; bg_type=&#8221;color&#8221; margin_bottom=&#8221;0px&#8221; padding_bottom=&#8221;70px&#8221; padding_top=&#8221;70px&#8221; bg_color=&#8221;#f4f4f4&#8243;][vc_column width=&#8221;1\/3&#8243;]<h4 class=\"grve-element grve-align-left grve-title-no-line grve-h4\" style=\"\"><span>Mai pi\u00f9 credenziali di accesso al Wi-Fi stampate su carta<\/span><\/h4>[vc_column_text]Accogli i tuoi ospiti con un captive portal Web personalizzato con il brand, dove possono ottenere una connessione Wi-Fi sicura e annunci e offerte speciali della tua struttura, oltre a scaricare le app mobile pertinenti.[\/vc_column_text][\/vc_column][vc_column width=&#8221;1\/3&#8243;]<h4 class=\"grve-element grve-align-left grve-title-no-line grve-h4\" style=\"\"><span>Rendi mobile il tuo personale e aumenta la produttivit\u00e0<\/span><\/h4>[vc_column_text]Passa al wireless con un\u2019infrastruttura sicura e conforme a PCI che gestisce in modo sicuro le prenotazioni mobile, il check in, il POS, le pulizie, la manutenzione, i servizi tecnici e le altre app per la gestione della struttura.[\/vc_column_text][\/vc_column][vc_column width=&#8221;1\/3&#8243;]<h4 class=\"grve-element grve-align-left grve-title-no-line grve-h4\" style=\"\"><span>Dai impulso ai programmi fedelt\u00e0 e aumenta le vendite<\/span><\/h4>[vc_column_text]A chi non piace un trattamento VIP? Premia gli ospiti con notifiche push personalizzate in base alle loro preferenze e alla posizione nella tua struttura.[\/vc_column_text][\/vc_column][\/vc_row][vc_row flex_height=&#8221;yes&#8221; middle_content=&#8221;yes&#8221; bg_type=&#8221;color&#8221; margin_bottom=&#8221;50px&#8221; padding_bottom=&#8221;50px&#8221; padding_top=&#8221;50px&#8221; bg_color=&#8221;#e2e2e2&#8243;][vc_column width=&#8221;2\/3&#8243;]<h4 class=\"grve-element grve-align-left grve-title-no-line grve-h4\" style=\"\"><span>Case Study: Gruppo Campeggi Vacanze di Charme<\/span><\/h4>[vc_column_text]Gruppo Campeggi Vacanze di Charme sceglie Aruba e It Store per offrire un servizio Wi-Fi di alto livello.[\/vc_column_text][\/vc_column][vc_column width=&#8221;1\/3&#8243;]<div class=\"grve-element grve-align-center\"><a class=\"grve-btn grve-btn-medium grve-square grve-bg-primary-1\" href=\"http:\/\/www.itpuntostore.it\/itstore\/wp-content\/uploads\/2017\/09\/CaseStudy-Campeggi-Vacanze-Charme-Aruba-ItStore.pdf\" target=\"_blank\" style=\"\"><span>Scarica il Pdf<\/span><\/a><\/div>[\/vc_column][\/vc_row][vc_row middle_content=&#8221;yes&#8221; padding_top=&#8221;50&#8243; padding_bottom=&#8221;50&#8243;][vc_column]<div class=\"grve-element grve-image grve-animated-item grve-fadeInDown grve-align-center\" style=\"\" data-delay=\"200\"><img loading=\"lazy\" decoding=\"async\" width=\"250\" height=\"113\" src=\"https:\/\/www.itpuntostore.it\/itstore\/wp-content\/uploads\/2017\/09\/Aruba-Hewlett-Packard-Enterprise.png\" class=\"attachment-full size-full\" alt=\"Aruba Hewlett Packard Enterprise\" srcset=\"https:\/\/www.itpuntostore.it\/itstore\/wp-content\/uploads\/2017\/09\/Aruba-Hewlett-Packard-Enterprise.png 1x,https:\/\/www.itpuntostore.it\/itstore\/wp-content\/uploads\/2017\/09\/Aruba-Hewlett-Packard-Enterprise-Retina.png 2x\" \/><\/div><div class=\"grve-element grve-hr grve-space-divider\" style=\"margin-bottom: 20px;\"><\/div>[vc_column_text]<\/p>\n<p style=\"text-align: center;\">Partner Aruba &#8211; A Hewlett Packard Enterprise Company<\/p>\n<p>[\/vc_column_text][\/vc_column][\/vc_row][vc_row footer_feature=&#8221;yes&#8221;][vc_column][vc_column_text]<div class=\"wpb-content-wrapper\"><p>[vc_row heading_color=&#8221;light&#8221; middle_content=&#8221;yes&#8221; bg_type=&#8221;color&#8221; footer_feature=&#8221;yes&#8221; bg_color=&#8221;#00a4db&#8221; padding_top=&#8221;100&#8243; padding_bottom=&#8221;150&#8243; font_color=&#8221;#ffffff&#8221;][vc_column width=&#8221;1\/3&#8243;]<div class=\"grve-element grve-box-icon grve-align-center grve-animated-item grve-fadeInDown\" style=\"\" data-delay=\"200\">  <div class=\"grve-icon grve-small grve-outline grve-square grve-color-white fa fa-phone\"><\/div><\/div>[vc_column_text]<\/p>\n<p style=\"text-align: center;\"><a href=\"tel:0586635198\">0586.635198<\/a><\/p>\n<p>[\/vc_column_text]<div class=\"grve-element grve-align-center\"><a class=\"grve-btn grve-btn-small grve-square grve-white-color grve-btn-line\" href=\"tel:0586635151\" target=\"_self\" style=\"\"><span>Chiama<\/span><\/a><\/div>[\/vc_column][vc_column width=&#8221;1\/3&#8243;]<div class=\"grve-element grve-image grve-align-center\" style=\"\"><img loading=\"lazy\" decoding=\"async\" width=\"125\" height=\"36\" src=\"https:\/\/www.itpuntostore.it\/itstore\/wp-content\/uploads\/2017\/02\/It-Store-Bianco.png\" class=\"attachment-full size-full\" alt=\"It Punto Store\" srcset=\"https:\/\/www.itpuntostore.it\/itstore\/wp-content\/uploads\/2017\/02\/It-Store-Bianco.png 1x,https:\/\/www.itpuntostore.it\/itstore\/wp-content\/uploads\/2017\/02\/It-Store-Bianco-Retina.png 2x\" \/><\/div>[\/vc_column][vc_column width=&#8221;1\/3&#8243;]<div class=\"grve-element grve-box-icon grve-align-center grve-animated-item grve-fadeInDown\" style=\"\" data-delay=\"200\">  <div class=\"grve-icon grve-small grve-outline grve-square grve-color-white fa fa-envelope-o\"><\/div><\/div>[vc_column_text]<\/p>\n<p style=\"text-align: center;\"><a href=\"mailto:info@itpuntostore.it\">info@itpuntostore.it<\/a><\/p>\n<p>[\/vc_column_text]<div class=\"grve-element grve-align-center\"><a class=\"grve-btn grve-btn-small grve-square grve-white-color grve-btn-line\" href=\"mailto:info@itpuntostore.it\" target=\"_self\" style=\"\"><span>Invia una email<\/span><\/a><\/div>[\/vc_column][\/vc_row]<\/p>\n<\/div>[\/vc_column_text][\/vc_column][\/vc_row]<\/p>\n<\/div>","protected":false},"excerpt":{"rendered":"<p>[vc_row header_feature=&#8221;yes&#8221; margin_bottom=&#8221;0px&#8221; padding_top=&#8221;50px&#8221; padding_bottom=&#8221;50px&#8221;][vc_column][\/vc_column][\/vc_row][vc_row margin_bottom=&#8221;50px&#8221; padding_bottom=&#8221;20px&#8221; padding_top=&#8221;50px&#8221;][vc_column width=&#8221;1\/2&#8243;][vc_column_text]L&#8217;esplosione dei dispositivi mobili ha trasformato il settore ospitalit\u00e0. I viaggiatori ora entrano negli alberghi con pi\u00f9 dispositivi e occorre fornire un&#8217;eccezionale esperienza Wi-Fi, nonch\u00e9 strumenti per il self service, che aiutino a rendere migliore il loro soggiorno.[\/vc_column_text][\/vc_column][vc_column width=&#8221;1\/2&#8243;][vc_column_text]La tua struttura prende vita se gli ospiti usano [&hellip;]<\/p>\n","protected":false},"author":1,"featured_media":0,"parent":0,"menu_order":0,"comment_status":"closed","ping_status":"closed","template":"","meta":{"footnotes":""},"class_list":["post-136","page","type-page","status-publish","hentry"],"yoast_head":"<!-- This site is optimized with the Yoast SEO plugin v27.3 - https:\/\/yoast.com\/product\/yoast-seo-wordpress\/ -->\n<title>WiFi e App Campeggi Hotel - Partner Aruba HP - Cecina Livorno Toscana<\/title>\n<meta name=\"description\" content=\"Specializzati nell&#039;installazione e manutenzione Reti WiFi per Campeggi con Soluzioni Aruba, An HP Enterprise Company. Apps per Campeggi.\" \/>\n<meta name=\"robots\" content=\"index, follow, max-snippet:-1, max-image-preview:large, max-video-preview:-1\" \/>\n<link rel=\"canonical\" href=\"https:\/\/www.itpuntostore.it\/itstore\/wi-fi-aruba-campeggi-hotel\/\" \/>\n<meta property=\"og:locale\" content=\"it_IT\" \/>\n<meta property=\"og:type\" content=\"article\" \/>\n<meta property=\"og:title\" content=\"WiFi e App Campeggi Hotel - Partner Aruba HP - Cecina Livorno Toscana\" \/>\n<meta property=\"og:description\" content=\"Specializzati nell&#039;installazione e manutenzione Reti WiFi per Campeggi con Soluzioni Aruba, An HP Enterprise Company. Apps per Campeggi.\" \/>\n<meta property=\"og:url\" content=\"https:\/\/www.itpuntostore.it\/itstore\/wi-fi-aruba-campeggi-hotel\/\" \/>\n<meta property=\"og:site_name\" content=\"It Punto Store\" \/>\n<meta property=\"article:publisher\" content=\"https:\/\/www.facebook.com\/itstoresrl\/\" \/>\n<meta property=\"article:modified_time\" content=\"2017-10-06T15:03:27+00:00\" \/>\n<meta property=\"og:image\" content=\"https:\/\/www.itpuntostore.it\/itstore\/wp-content\/uploads\/2017\/02\/It-Store-Cecina-01.jpg\" \/>\n\t<meta property=\"og:image:width\" content=\"1280\" \/>\n\t<meta property=\"og:image:height\" content=\"800\" \/>\n\t<meta property=\"og:image:type\" content=\"image\/jpeg\" \/>\n<meta name=\"twitter:card\" content=\"summary_large_image\" \/>\n<meta name=\"twitter:label1\" content=\"Tempo di lettura stimato\" \/>\n\t<meta name=\"twitter:data1\" content=\"3 minuti\" \/>\n<script type=\"application\/ld+json\" class=\"yoast-schema-graph\">{\"@context\":\"https:\\\/\\\/schema.org\",\"@graph\":[{\"@type\":\"WebPage\",\"@id\":\"https:\\\/\\\/www.itpuntostore.it\\\/itstore\\\/wi-fi-aruba-campeggi-hotel\\\/\",\"url\":\"https:\\\/\\\/www.itpuntostore.it\\\/itstore\\\/wi-fi-aruba-campeggi-hotel\\\/\",\"name\":\"WiFi e App Campeggi Hotel - Partner Aruba HP - Cecina Livorno Toscana\",\"isPartOf\":{\"@id\":\"https:\\\/\\\/www.itpuntostore.it\\\/itstore\\\/#website\"},\"datePublished\":\"2017-09-06T09:56:46+00:00\",\"dateModified\":\"2017-10-06T15:03:27+00:00\",\"description\":\"Specializzati nell'installazione e manutenzione Reti WiFi per Campeggi con Soluzioni Aruba, An HP Enterprise Company. Apps per Campeggi.\",\"breadcrumb\":{\"@id\":\"https:\\\/\\\/www.itpuntostore.it\\\/itstore\\\/wi-fi-aruba-campeggi-hotel\\\/#breadcrumb\"},\"inLanguage\":\"it-IT\",\"potentialAction\":[{\"@type\":\"ReadAction\",\"target\":[\"https:\\\/\\\/www.itpuntostore.it\\\/itstore\\\/wi-fi-aruba-campeggi-hotel\\\/\"]}]},{\"@type\":\"BreadcrumbList\",\"@id\":\"https:\\\/\\\/www.itpuntostore.it\\\/itstore\\\/wi-fi-aruba-campeggi-hotel\\\/#breadcrumb\",\"itemListElement\":[{\"@type\":\"ListItem\",\"position\":1,\"name\":\"Home\",\"item\":\"https:\\\/\\\/www.itpuntostore.it\\\/itstore\\\/\"},{\"@type\":\"ListItem\",\"position\":2,\"name\":\"Wi-Fi per Campeggi e Hotel\"}]},{\"@type\":\"WebSite\",\"@id\":\"https:\\\/\\\/www.itpuntostore.it\\\/itstore\\\/#website\",\"url\":\"https:\\\/\\\/www.itpuntostore.it\\\/itstore\\\/\",\"name\":\"It Punto Store\",\"description\":\"Cecina\",\"potentialAction\":[{\"@type\":\"SearchAction\",\"target\":{\"@type\":\"EntryPoint\",\"urlTemplate\":\"https:\\\/\\\/www.itpuntostore.it\\\/itstore\\\/?s={search_term_string}\"},\"query-input\":{\"@type\":\"PropertyValueSpecification\",\"valueRequired\":true,\"valueName\":\"search_term_string\"}}],\"inLanguage\":\"it-IT\"}]}<\/script>\n<!-- \/ Yoast SEO plugin. -->","yoast_head_json":{"title":"WiFi e App Campeggi Hotel - Partner Aruba HP - Cecina Livorno Toscana","description":"Specializzati nell'installazione e manutenzione Reti WiFi per Campeggi con Soluzioni Aruba, An HP Enterprise Company. Apps per Campeggi.","robots":{"index":"index","follow":"follow","max-snippet":"max-snippet:-1","max-image-preview":"max-image-preview:large","max-video-preview":"max-video-preview:-1"},"canonical":"https:\/\/www.itpuntostore.it\/itstore\/wi-fi-aruba-campeggi-hotel\/","og_locale":"it_IT","og_type":"article","og_title":"WiFi e App Campeggi Hotel - Partner Aruba HP - Cecina Livorno Toscana","og_description":"Specializzati nell'installazione e manutenzione Reti WiFi per Campeggi con Soluzioni Aruba, An HP Enterprise Company. Apps per Campeggi.","og_url":"https:\/\/www.itpuntostore.it\/itstore\/wi-fi-aruba-campeggi-hotel\/","og_site_name":"It Punto Store","article_publisher":"https:\/\/www.facebook.com\/itstoresrl\/","article_modified_time":"2017-10-06T15:03:27+00:00","og_image":[{"width":1280,"height":800,"url":"https:\/\/www.itpuntostore.it\/itstore\/wp-content\/uploads\/2017\/02\/It-Store-Cecina-01.jpg","type":"image\/jpeg"}],"twitter_card":"summary_large_image","twitter_misc":{"Tempo di lettura stimato":"3 minuti"},"schema":{"@context":"https:\/\/schema.org","@graph":[{"@type":"WebPage","@id":"https:\/\/www.itpuntostore.it\/itstore\/wi-fi-aruba-campeggi-hotel\/","url":"https:\/\/www.itpuntostore.it\/itstore\/wi-fi-aruba-campeggi-hotel\/","name":"WiFi e App Campeggi Hotel - Partner Aruba HP - Cecina Livorno Toscana","isPartOf":{"@id":"https:\/\/www.itpuntostore.it\/itstore\/#website"},"datePublished":"2017-09-06T09:56:46+00:00","dateModified":"2017-10-06T15:03:27+00:00","description":"Specializzati nell'installazione e manutenzione Reti WiFi per Campeggi con Soluzioni Aruba, An HP Enterprise Company. Apps per Campeggi.","breadcrumb":{"@id":"https:\/\/www.itpuntostore.it\/itstore\/wi-fi-aruba-campeggi-hotel\/#breadcrumb"},"inLanguage":"it-IT","potentialAction":[{"@type":"ReadAction","target":["https:\/\/www.itpuntostore.it\/itstore\/wi-fi-aruba-campeggi-hotel\/"]}]},{"@type":"BreadcrumbList","@id":"https:\/\/www.itpuntostore.it\/itstore\/wi-fi-aruba-campeggi-hotel\/#breadcrumb","itemListElement":[{"@type":"ListItem","position":1,"name":"Home","item":"https:\/\/www.itpuntostore.it\/itstore\/"},{"@type":"ListItem","position":2,"name":"Wi-Fi per Campeggi e Hotel"}]},{"@type":"WebSite","@id":"https:\/\/www.itpuntostore.it\/itstore\/#website","url":"https:\/\/www.itpuntostore.it\/itstore\/","name":"It Punto Store","description":"Cecina","potentialAction":[{"@type":"SearchAction","target":{"@type":"EntryPoint","urlTemplate":"https:\/\/www.itpuntostore.it\/itstore\/?s={search_term_string}"},"query-input":{"@type":"PropertyValueSpecification","valueRequired":true,"valueName":"search_term_string"}}],"inLanguage":"it-IT"}]}},"_links":{"self":[{"href":"https:\/\/www.itpuntostore.it\/itstore\/wp-json\/wp\/v2\/pages\/136","targetHints":{"allow":["GET"]}}],"collection":[{"href":"https:\/\/www.itpuntostore.it\/itstore\/wp-json\/wp\/v2\/pages"}],"about":[{"href":"https:\/\/www.itpuntostore.it\/itstore\/wp-json\/wp\/v2\/types\/page"}],"author":[{"embeddable":true,"href":"https:\/\/www.itpuntostore.it\/itstore\/wp-json\/wp\/v2\/users\/1"}],"replies":[{"embeddable":true,"href":"https:\/\/www.itpuntostore.it\/itstore\/wp-json\/wp\/v2\/comments?post=136"}],"version-history":[{"count":22,"href":"https:\/\/www.itpuntostore.it\/itstore\/wp-json\/wp\/v2\/pages\/136\/revisions"}],"predecessor-version":[{"id":208,"href":"https:\/\/www.itpuntostore.it\/itstore\/wp-json\/wp\/v2\/pages\/136\/revisions\/208"}],"wp:attachment":[{"href":"https:\/\/www.itpuntostore.it\/itstore\/wp-json\/wp\/v2\/media?parent=136"}],"curies":[{"name":"wp","href":"https:\/\/api.w.org\/{rel}","templated":true}]}}